3 + -55. Let m(t) = -t**3 - 15*t**2 - 131*t - 2787. Let d be m(-17). What is the highest common divisor of d and j?
18
Suppose 6 + 39 = y - 23. Calculate the greatest common factor of 68 and y.
68
Let m = 27 + -15. Let b be ((-1200)/28)/(24/(-180) - 2/210). What is the greatest common divisor of b and m?
12
Let d be ((-270)/(-4))/((-2)/(-4)). Let b = 841 + -1184. Let w = 358 + b. Calculate the highest common factor of d and w.
15
Let u = 73 + -103. Let r be u/(-36)*4*(91 + 2). Suppose -5*f + 2*j = -r, 5*f = -j + 6*j + 295. Calculate the highest common divisor of 192 and f.
64
Suppose 32 = 12*k - 16*k. Let l be k/6*(-165)/80*104. Calculate the highest common divisor of l and 22.
22
Suppose -225 = -3*j - 2*j. Let d be (8 + -2 - 5)*(1 + -1). Suppose -j = -p - d*p. Calculate the greatest common factor of 5 and p.
5
Let v(l) = 151*l**2 + l - 1. Let i be v(1). Let m = 126 + 265. Suppose i = -6*w + m. What is the greatest common factor of 16 and w?
8
Suppose 0 = -2*s - 4*m, -m + 0 - 1 = 0. Let i be -7 - 2*(-17)/s. Calculate the greatest common factor of i and 5.
5
Suppose 39*x = 37*x + 66. Let k(b) = 3*b**2 - 14*b - 11. Let v be k(-10). Calculate the greatest common divisor of v and x.
33
Let q(f) = f**2 - 39*f + 198. Let g be q(33). Suppose -2*b - 797 + 839 = g. What is the greatest common factor of b and 119?
7
Let r = -4 - -5. Suppose 0 = 4*s - 5*i + 273, -130 = -4*s - 2*i - 396. Let n = s - -75. What is the greatest common divisor of r and n?
1
Suppose -5*m + 31*h = 35*h - 310, -4*h - 218 = -3*m. What is the highest common divisor of m and 1496?
22
Let t be (3 - 5)*2/(16/(-492)). What is the greatest common divisor of 697 and t?
41
Suppose 3*k + b = 170, b + 278 = 5*k - 0*b. Suppose -i + k = 4*a - 3*i, -2*i = 8. Let c = a + 54. Calculate the greatest common factor of 6 and c.
6
Let h = 47 - 32. Let s be (5*2/10)/(1/468). Suppose -132 = -8*b + s. What is the greatest common divisor of h and b?
15
Let r(j) = j**3 + 4*j**2 + 4*j + 3. Let v = 66 + -68. Let y be r(v). Suppose -y*p + 72 = -126. Calculate the greatest common divisor of 6 and p.
6
Suppose 10678 + 26352 = 161*g. What is the greatest common divisor of g and 15295?
115
Let l(r) = 8*r**2 + 3*r + 7. Let z be 0 + (2 - 4) + (-2)/1. Let c be l(z). Let j = c + -65. What is the greatest common factor of j and 87?
29
Let t(u) = -2*u**3 - 5*u**2 - 6*u - 2. Let x be t(-5). Let d be ((-6)/10)/(6/(-180)). Suppose 5*m - d = 67. What is the greatest common divisor of m and x?
17
Let l(h) = 287*h**2 - 36*h - 81. Let r be l(-2). What is the greatest common factor of r and 34?
17
Let d(y) = y**3 - 4*y**2 + 4*y - 4. Let z be d(3). Let b = 517 - 530. Let x be (b - -11) + (z - -146). What is the greatest common factor of x and 11?
11
Suppose 3*j - 613 = -2*s, 68*j + 1019 = 73*j + 2*s. Calculate the greatest common factor of j and 98.
7
Let m = 46 + -38. Let o(c) = -4*c**2 - 38*c - 20. Let t be o(-8). Calculate the greatest common divisor of t and m.
4
Suppose -42*h = -38*h + 2*r - 30, -3*h - 2*r = -19. What is the highest common factor of 8778 and h?
11
Let y(m) = 40*m**3 - 3*m**2 + 2*m + 3012. Let z be y(0). What is the greatest common divisor of 36 and z?
12
Let y be (1/(-2))/((-2)/(-4))*0. Suppose -i = g - 23, -4*g = i - y*i - 83. What is the highest common factor of g and 16?
4
Let d be (-49)/(-28) + (-2)/(-8). Suppose -28 = -4*z - 4*u, z - 2*u + 0*u = -d. Suppose -19*l + 96 = -11*l. What is the highest common divisor of l and z?
4
Suppose 5*c = -3*d - 562, 4*d + 7*c + 731 = 4*c. Let w = -151 - d. What is the greatest common factor of 70 and w?
14
Let j(n) = -158*n - 5012. Let v be j(-32). Let w(f) = 23*f**2 - 5*f + 4. Let u be w(4). Calculate the greatest common divisor of v and u.
44
Let g be -2 + (-2)/(2/(-119)). Suppose 270*n - 273*n = -2*c + 67, -3*c - 3*n = -63. What is the highest common factor of g and c?
13
Let z(r) = 3178*r**3 + 4*r**2 - 7*r + 2. Let x be z(1). What is the highest common divisor of x and 18?
9
Let z(m) = -61*m - 1. Let v be z(-3). Suppose -a = -4*g - 23, -a - 2*a - 3*g + 9 = 0. Calculate the highest common factor of a and v.
7
Let z = 259 + -124. Let k = 180 - z. What is the highest common divisor of 495 and k?
45
Let p be (-14 - (-6 - 13)) + 1143 + -2 - 2. What is the highest common factor of 517 and p?
11
Let j(a) = 2*a**2 + 66*a + 404. Let f be j(-25). Calculate the greatest common divisor of f and 604.
4
Let s = 154 - 151. Suppose n - 51 = s. What is the greatest common divisor of 81 and n?
27
Let x = 186 - 111. Suppose 11 = -5*c - 154. Let a be c/55 + (-306)/(-10). Calculate the greatest common factor of x and a.
15
Let i(f) = 27*f + 3. Let m be i(4). Let y be -1*3/(-3) + m. Let z be (((-855)/(-10))/9 + -6)/(1/8). Calculate the highest common factor of z and y.
28
Suppose 2*i + 5*s - 19 = 0, 1 = 5*i - 5*s + 6. Let z be 228/84 - i/(-7). Suppose -z*x + 8 = -61. What is the greatest common factor of 69 and x?
23
Suppose 1109 - 77 = 12*l. What is the highest common factor of 1591 and l?
43
Suppose -8 = -n + 3*d, -n - 3*d = -7 + 5. Suppose 0 = -t + 3*b + 63, -n*b + 181 = 3*t - t. What is the greatest common divisor of t and 104?
26
Suppose -4*s + 6*s = 5*b + 316, 0 = -4*b + 16. Let z = -1263 - -1319. Calculate the highest common factor of s and z.
56
Let f = 760 - 45. Suppose -2*s + 217*c - 218*c = -222, 11*s - 1202 = 4*c. Calculate the highest common factor of s and f.
55
Let x = 447 - 256. Let u = x - 188. What is the greatest common factor of 2 and u?
1
Suppose 0 = 3*o - 5*o + 10. Suppose -2421*x - 1121 = -1377 - 11849. What is the highest common divisor of x and o?
5
Let i(d) = -3*d + 18. Suppose -j = 5*s + 28, -5*j + 0*s = -5*s + 20. Let u be i(j). Let z be 1/(2 - 83/u). What is the greatest common divisor of z and 63?
21
Suppose 160 - 31 = g. Let w = -113 + g. Suppose -2*x - 14 = -4*b, 17 = 3*b + 5*x - 0. What is the greatest common divisor of b and w?
4
Let v be ((-2 + 120/54)*3)/((-10)/(-81540)). What is the highest common factor of 24 and v?
12
Let q(g) = -4*g**3 - 12*g**2 + 45*g + 231. Let a be q(-7). Calculate the highest common divisor of a and 294.
14
Suppose 0 = -0*g + 11*g - 1639. Suppose 3*k = 1 + g. What is the highest common factor of 2 and k?
2
Let r(h) = -h**3 + 15*h**2 - 13*h - 9. Let i be r(14). Suppose 4*s - 107 = -n, n + 4*n - 635 = i*s. What is the greatest common factor of n and 41?
41
Suppose 121*x = 113*x + 744. Calculate the highest common divisor of 527 and x.
31
Suppose 8*n + 5*n = 7345. Let k = 131 + n. Calculate the highest common factor of 24 and k.
24
Let y be 7/((-14)/(14 + -6118)). What is the highest common factor of y and 28?
28
Let h(o) = 770*o - 224. Let y be h(4). Calculate the greatest common factor of 112 and y.
56
Let u(q) = -q - 36. Let j be u(0). Let f be 480/27 - 8/j. Suppose -4*o = -d + o + 56, 0 = 5*o + 20. Calculate the greatest common divisor of d and f.
18
Suppose -4*n + 2*i + 90 = 352, -n + 3*i = 63. Let m be (n + 3)*(2 + -7). Calculate the greatest common divisor of 45 and m.
45
Suppose -3*c - 12 = 4*a, 2*c + 38 = -2*c + 2*a. Let o(y) = -18*y - 29. Let f be o(c). Calculate the highest common factor of f and 35.
5
Let b = 897 + -873. Let o be 36*(-5 + 20/2 + -4). What is the highest common divisor of b and o?
12
Suppose -636 = 5*k - 11*k. Let u = 273 - k. Let g = -97 + u. What is the highest common divisor of 14 and g?
14
Suppose 5*u - 2354 = 411. Calculate the highest common factor of 77 and u.
7
Suppose 6 = 129*w - 126*w. Let q(l) be the first derivative of l**2 + 2*l + 4. Let y be q(w). What is the greatest common factor of 66 and y?
6
Let z(u) = 12*u - 396. Let j be z(33). Suppose j = -l - 3*a + 270, 3*l + 2*l + 2*a - 1376 = 0. Calculate the greatest common factor of l and 12.
12
Let d = 321 - 318. Suppose -v = -2*u - d*v + 208, 208 = 2*u - 3*v. Let c(h) = h**2 + 4. Let x be c(-3). What is the greatest common factor of u and x?
13
Let m = -261 + 503. Let k be m/6 - 3/9. Suppose 610*a + 192 = 311*a + 311*a. Calculate the highest common divisor of k and a.
8
Suppose -3*g + 480 = -x - 106, 4*g - 2*x - 780 = 0. Let t be (15/6 - 12/(-8)) + g. What is the greatest common factor of 30 and t?
10
Suppose -698 = 5*z - 3*d, 5*z + 458 + 234 = -3*d. Let g = 183 + z. Calculate the greatest common factor of 176 and g.
44
Let q(k) = 